{"id":8,"date":"2022-08-20T16:45:13","date_gmt":"2022-08-20T16:45:13","guid":{"rendered":"https:\/\/rftest.com.mx\/?page_id=8"},"modified":"2024-06-23T15:51:24","modified_gmt":"2024-06-23T15:51:24","slug":"acerca-de","status":"publish","type":"page","link":"https:\/\/rftest.com.mx\/?page_id=8","title":{"rendered":"Nuestra empresa"},"content":{"rendered":"\n<h1 class=\"wp-block-heading has-text-align-left has-large-font-size\" id=\"inspiro-is-a-digital-product-agency-that-focuses-on-strategy-and-design\" style=\"font-style:normal;font-weight:400\">Nuestra empresa e<mark style=\"background-color:rgba(0, 0, 0, 0)\" class=\"has-inline-color has-black-color\">st\u00e1 concebida para ser tu socio estrat\u00e9gico en el \u00e1mbito de las tecnolog\u00edas en radiofrecuencias.<\/mark><\/h1>\n\n\n\n<div style=\"height:84px\" aria-hidden=\"true\" class=\"wp-block-spacer\"><\/div>\n\n\n\n<div class=\"wp-block-columns alignwide is-layout-flex wp-container-core-columns-is-layout-9d6595d7 wp-block-columns-is-layout-flex\">\n<div class=\"wp-block-column is-layout-flow wp-block-column-is-layout-flow\">\n<p class=\"has-black-color has-text-color has-medium-font-size\"><a href=\"#\"><strong>Nuestra Misi\u00f3n<\/strong><\/a><\/p>\n\n\n\n<p class=\"has-text-color\" style=\"color:#7a7a7a\">Proporcionar productos y servicios en aplicaciones de las tecnolog\u00edas en radiofrecuencias con el m\u00e1s alto grado de calidad y confiabilidad, satisfaciendo las necesidades de nuestros clientes.<\/p>\n<\/div>\n\n\n\n<div class=\"wp-block-column is-layout-flow wp-block-column-is-layout-flow\">\n<p class=\"has-black-color has-text-color has-medium-font-size\"><a href=\"#\"><strong>Nuestra Visi\u00f3n<\/strong><\/a><\/p>\n\n\n\n<p class=\"has-text-color\" style=\"color:#7a7a7a\">Ser el proveedor l\u00edder de productos y servicios de tecnolog\u00edas en radiofrecuencias, articulando nuestra oferta tecnol\u00f3gica con la cadena productiva de nuestros clientes.<\/p>\n<\/div>\n\n\n\n<div class=\"wp-block-column is-layout-flow wp-block-column-is-layout-flow\">\n<p class=\"has-black-color has-text-color has-medium-font-size\"><a href=\"#\"><strong>Nuestro compromiso<\/strong><\/a><\/p>\n\n\n\n<p class=\"has-text-color\" style=\"color:#7a7a7a\">Que nuestros clientes obtengan la mejor relaci\u00f3n costo\/beneficio, con seguimiento y atenci\u00f3n oportuna a sus necesidades y  soporte t\u00e9cnico permanente a nuestros productos y servicios.<\/p>\n<\/div>\n<\/div>\n\n\n\n<div style=\"height:81px\" aria-hidden=\"true\" class=\"wp-block-spacer\"><\/div>\n\n\n\n<h1 class=\"wp-block-heading has-large-font-size\"><strong>Nuestros valores<\/strong><\/h1>\n\n\n\n<div style=\"height:60px\" aria-hidden=\"true\" class=\"wp-block-spacer\"><\/div>\n\n\n\n<div class=\"blockart-section blockart-section-467f7ee3\"><div class=\"blockart-container\"><div class=\"blockart-section-inner\"><\/div><\/div><\/div>\n\n\n\n<div class=\"wp-block-group\"><div class=\"wp-block-group__inner-container is-layout-constrained wp-block-group-is-layout-constrained\">\n<div class=\"wp-block-columns alignwide is-layout-flex wp-container-core-columns-is-layout-9d6595d7 wp-block-columns-is-layout-flex\">\n<div class=\"wp-block-column is-layout-flow wp-block-column-is-layout-flow\">\n<p class=\"has-black-color has-text-color has-medium-font-size\"><strong><mark style=\"background-color:rgba(0, 0, 0, 0)\" class=\"has-inline-color has-black-color\">Calidad <\/mark><\/strong><\/p>\n\n\n\n<p class=\"has-black-color has-text-color has-medium-font-size\">Establecemos y mantenemos est\u00e1ndares altos que aseguren la satisfacci\u00f3n del cliente y el cumplimiento de sus expectativas. Adem\u00e1s, buscamos la mejora continua para garantizar la excelencia y la competitividad de nuestros productos y servicios en el mercado global.<\/p>\n<\/div>\n\n\n\n<div class=\"wp-block-column is-layout-flow wp-block-column-is-layout-flow\">\n<p class=\"has-black-color has-text-color has-medium-font-size\"><a href=\"#\"><strong>Confiabilidad<\/strong><\/a> <\/p>\n\n\n\n<p class=\"has-black-color has-text-color has-medium-font-size\">Permite a nuestros clientes sentirse seguros y confiados, sabiendo que pueden contar con la calidad y la respuesta oportuna. Adem\u00e1s, implica un compromiso continuo con la mejora y la adaptaci\u00f3n, asegurando que los est\u00e1ndares se mantengan altos y las expectativas se cumplan continuamente.<\/p>\n<\/div>\n\n\n\n<div class=\"wp-block-column is-layout-flow wp-block-column-is-layout-flow\">\n<p class=\"has-black-color has-text-color has-medium-font-size\"><a href=\"#\"><strong>Integridad<\/strong><\/a> <\/p>\n\n\n\n<p class=\"has-black-color has-text-color has-medium-font-size\">Nos caracterizan la honestidad y la coherencia de acciones, valores, m\u00e9todos y principios, lo cual implica actuar de manera justa y transparente, siendo fiel a uno mismo y a los compromisos adquiridos, lo cual fomenta la confianza y el respeto en las relaciones, permitiendo construir un entorno m\u00e1s justo y equitativo.<\/p>\n<\/div>\n<\/div>\n<\/div><\/div>\n","protected":false},"excerpt":{"rendered":"<p>Nuestra empresa est\u00e1 concebida para ser tu socio estrat\u00e9gico en el \u00e1mbito de las tecnolog\u00edas en radiofrecuencias. Nuestra Misi\u00f3n Proporcionar productos y servicios en aplicaciones de las tecnolog\u00edas en radiofrecuencias con el m\u00e1s alto grado de calidad y confiabilidad, satisfaciendo las necesidades de nuestros clientes. Nuestra Visi\u00f3n Ser el proveedor l\u00edder de productos y servicios [&hellip;]<\/p>\n","protected":false},"author":1,"featured_media":6,"parent":0,"menu_order":0,"comment_status":"closed","ping_status":"closed","template":"","meta":{"jetpack_post_was_ever_published":false,"footnotes":""},"class_list":["post-8","page","type-page","status-publish","has-post-thumbnail","hentry"],"jetpack_sharing_enabled":true,"_links":{"self":[{"href":"https:\/\/rftest.com.mx\/index.php?rest_route=\/wp\/v2\/pages\/8","targetHints":{"allow":["GET"]}}],"collection":[{"href":"https:\/\/rftest.com.mx\/index.php?rest_route=\/wp\/v2\/pages"}],"about":[{"href":"https:\/\/rftest.com.mx\/index.php?rest_route=\/wp\/v2\/types\/page"}],"author":[{"embeddable":true,"href":"https:\/\/rftest.com.mx\/index.php?rest_route=\/wp\/v2\/users\/1"}],"replies":[{"embeddable":true,"href":"https:\/\/rftest.com.mx\/index.php?rest_route=%2Fwp%2Fv2%2Fcomments&post=8"}],"version-history":[{"count":34,"href":"https:\/\/rftest.com.mx\/index.php?rest_route=\/wp\/v2\/pages\/8\/revisions"}],"predecessor-version":[{"id":351,"href":"https:\/\/rftest.com.mx\/index.php?rest_route=\/wp\/v2\/pages\/8\/revisions\/351"}],"wp:featuredmedia":[{"embeddable":true,"href":"https:\/\/rftest.com.mx\/index.php?rest_route=\/wp\/v2\/media\/6"}],"wp:attachment":[{"href":"https:\/\/rftest.com.mx\/index.php?rest_route=%2Fwp%2Fv2%2Fmedia&parent=8"}],"curies":[{"name":"wp","href":"https:\/\/api.w.org\/{rel}","templated":true}]}}