{"id":7,"date":"2022-08-20T16:45:13","date_gmt":"2022-08-20T16:45:13","guid":{"rendered":"https:\/\/rftest.com.mx\/?page_id=7"},"modified":"2024-06-23T03:55:12","modified_gmt":"2024-06-23T03:55:12","slug":"hermosos-portafolios-para-creativos-excepcionales","status":"publish","type":"page","link":"https:\/\/rftest.com.mx\/?page_id=7","title":{"rendered":"Desarrollo de Tecnolog\u00edas de Radiofrecuencias | Experiencia en RF"},"content":{"rendered":"\n<p class=\"has-text-align-left\">Las tecnolog\u00edas que emplean se\u00f1ales de radiofrecuencias se han convertido en parte indispensable de la vida moderna. Tenemos amplios conocimientos en tecnolog\u00edas de RF, por lo que podemos ser tu aliado estrategico en el desarrollo de productos y servicios que incorporen alguna de las tecnolog\u00edas que empelan se\u00f1ales de radiofrecuencias, de modo que puedas colocar de manera expedita y confiable en el mercado tus productos y servicios, y que estos cumplan con los m\u00e1s estrictos est\u00e1ndares de calidad y con las normas y regulaciones t\u00e9cnicas aplicables.<\/p>\n\n\n\n<div style=\"height:55px\" aria-hidden=\"true\" class=\"wp-block-spacer\"><\/div>\n\n\n\n<div class=\"wp-block-group alignfull has-light-green-cyan-background-color has-background\"><div class=\"wp-block-group__inner-container is-layout-flow wp-block-group-is-layout-flow\">\n<div class=\"wp-block-columns is-layout-flex wp-container-core-columns-is-layout-9d6595d7 wp-block-columns-is-layout-flex\">\n<div class=\"wp-block-column is-vertically-aligned-center is-layout-flow wp-block-column-is-layout-flow\">\n<h2 class=\"wp-block-heading\">Nuestra experiencia en radiofrecuencias<\/h2>\n\n\n\n<p>Nuestra empresa posee amplia experiencia en desarrollo y aplicaci\u00f3n de tecnolog\u00edas en radiofrecuencias. Conocemos las tecnolog\u00edas existentes y poseemos la experiencia en m\u00e9todos de medici\u00f3n y pruebas de modo que tu porducto o servicio tenga la calidad y confiabilidad que lo haga competitivo<\/p>\n\n\n\n<div class=\"wp-block-buttons is-horizontal is-content-justification-left is-layout-flex wp-container-core-buttons-is-layout-7e5fce0a wp-block-buttons-is-layout-flex\">\n<div class=\"wp-block-button\"><a class=\"wp-block-button__link wp-element-button\">Cont\u00e1ctanos<\/a><\/div>\n<\/div>\n\n\n\n<p><\/p>\n<\/div>\n\n\n\n<div class=\"wp-block-column is-layout-flow wp-block-column-is-layout-flow\">\n<div style=\"height:48px\" aria-hidden=\"true\" class=\"wp-block-spacer\"><\/div>\n\n\n\n<figure class=\"wp-block-gallery has-nested-images columns-default is-cropped wp-block-gallery-1 is-layout-flex wp-block-gallery-is-layout-flex\">\n<figure class=\"wp-block-image size-large is-style-rounded\"><img loading=\"lazy\" decoding=\"async\" width=\"885\" height=\"538\" data-id=\"117\" src=\"https:\/\/rftest.com.mx\/wp-content\/uploads\/2024\/06\/logo_rftest.png\" alt=\"\" class=\"wp-image-117\" srcset=\"https:\/\/rftest.com.mx\/wp-content\/uploads\/2024\/06\/logo_rftest.png 885w, https:\/\/rftest.com.mx\/wp-content\/uploads\/2024\/06\/logo_rftest-300x182.png 300w\" sizes=\"auto, (max-width: 885px) 100vw, 885px\" \/><\/figure>\n<\/figure>\n<\/div>\n<\/div>\n<\/div><\/div>\n\n\n\n<div class=\"wp-block-group alignfull\"><div class=\"wp-block-group__inner-container is-layout-flow wp-block-group-is-layout-flow\">\n<div class=\"wp-block-columns are-vertically-aligned-center is-layout-flex wp-container-core-columns-is-layout-9d6595d7 wp-block-columns-is-layout-flex\">\n<div class=\"wp-block-column is-vertically-aligned-center is-layout-flow wp-block-column-is-layout-flow\">\n<div style=\"height:48px\" aria-hidden=\"true\" class=\"wp-block-spacer\"><\/div>\n\n\n\n<figure class=\"wp-block-image size-large\"><img loading=\"lazy\" decoding=\"async\" width=\"1024\" height=\"768\" src=\"https:\/\/rftest.com.mx\/wp-content\/uploads\/2022\/08\/Imagen2-2-1024x768.jpg\" alt=\"\" class=\"wp-image-60\" srcset=\"https:\/\/rftest.com.mx\/wp-content\/uploads\/2022\/08\/Imagen2-2-1024x768.jpg 1024w, https:\/\/rftest.com.mx\/wp-content\/uploads\/2022\/08\/Imagen2-2-300x225.jpg 300w, https:\/\/rftest.com.mx\/wp-content\/uploads\/2022\/08\/Imagen2-2-768x576.jpg 768w, https:\/\/rftest.com.mx\/wp-content\/uploads\/2022\/08\/Imagen2-2.jpg 1240w\" sizes=\"auto, (max-width: 1024px) 100vw, 1024px\" \/><\/figure>\n<\/div>\n\n\n\n<div class=\"wp-block-column is-vertically-aligned-center is-layout-flow wp-block-column-is-layout-flow\">\n<h2 class=\"wp-block-heading\">Ejemplos de soluciones<\/h2>\n\n\n\n<p>Contamos con una cartera de servicios y soluciones de ingenier\u00eda y tecnolog\u00eda que ponemos a tu disposici\u00f3n. No somos simples revendedores de tecnolog\u00eda, sino el aliado estrat\u00e9gico que te acompa\u00f1ar\u00e1 en la diferentes etapas de tu proyecto, con soluciones innovadoras orientadas a alcanzar tus metas y objetivos.<\/p>\n\n\n\n<div class=\"wp-block-buttons is-layout-flex wp-block-buttons-is-layout-flex\">\n<div class=\"wp-block-button is-style-outline is-style-outline--2\"><a class=\"wp-block-button__link wp-element-button\" href=\"#\">Servicios<\/a><\/div>\n<\/div>\n<\/div>\n<\/div>\n<\/div><\/div>\n\n\n\n<div class=\"wp-block-group alignfull has-black-background-color has-background\"><div class=\"wp-block-group__inner-container is-layout-flow wp-block-group-is-layout-flow\">\n<h2 class=\"wp-block-heading has-text-align-center has-white-color has-text-color\"><strong>Galer\u00eda<\/strong> de soluciones<\/h2>\n\n\n\n<figure class=\"wp-block-gallery aligncenter has-nested-images columns-default is-cropped wp-block-gallery-3 is-layout-flex wp-block-gallery-is-layout-flex\">\n<figure class=\"wp-block-image size-large\"><img decoding=\"async\" data-id=\"28\" src=\"https:\/\/rftest.com.mx\/wp-content\/themes\/inspiro\/assets\/images\/StockSnap_P9QYJ8AAL8.jpg\" alt=\"\" class=\"wp-image-28\"\/><\/figure>\n\n\n\n<figure class=\"wp-block-image size-large\"><img decoding=\"async\" data-id=\"27\" src=\"https:\/\/rftest.com.mx\/wp-content\/themes\/inspiro\/assets\/images\/StockSnap_M6D1GS9PSL.jpg\" alt=\"\" class=\"wp-image-27\"\/><\/figure>\n\n\n\n<figure class=\"wp-block-image size-large\"><img decoding=\"async\" data-id=\"26\" src=\"https:\/\/rftest.com.mx\/wp-content\/themes\/inspiro\/assets\/images\/StockSnap_JKMGVEJMPU.jpg\" alt=\"\" class=\"wp-image-26\"\/><\/figure>\n\n\n\n<figure class=\"wp-block-image size-large\"><img decoding=\"async\" data-id=\"25\" src=\"https:\/\/rftest.com.mx\/wp-content\/themes\/inspiro\/assets\/images\/StockSnap_CXVCF2NNWJ.jpg\" alt=\"\" class=\"wp-image-25\"\/><\/figure>\n\n\n\n<figure class=\"wp-block-image size-large\"><img decoding=\"async\" data-id=\"24\" src=\"https:\/\/rftest.com.mx\/wp-content\/themes\/inspiro\/assets\/images\/StockSnap_89BQZ89TLH.jpg\" alt=\"\" class=\"wp-image-24\"\/><\/figure>\n\n\n\n<figure class=\"wp-block-image size-large\"><img decoding=\"async\" data-id=\"29\" src=\"https:\/\/rftest.com.mx\/wp-content\/themes\/inspiro\/assets\/images\/StockSnap_PGXCCTCLB5.jpg\" alt=\"\" class=\"wp-image-29\"\/><\/figure>\n<\/figure>\n<\/div><\/div>\n\n\n\n<div class=\"wp-block-cover alignfull is-light has-parallax is-position-center-center\" style=\"min-height:375px;aspect-ratio:unset;\"><span aria-hidden=\"true\" class=\"wp-block-cover__background has-black-background-color has-background-dim-40 has-background-dim\"><\/span><div class=\"wp-block-cover__image-background wp-image-61 has-parallax\" style=\"background-position:50% 50%;background-image:url(https:\/\/rftest.com.mx\/wp-content\/uploads\/2022\/08\/Imagen2-3.jpg)\"><\/div><div class=\"wp-block-cover__inner-container is-layout-flow wp-block-cover-is-layout-flow\">\n<p class=\"has-text-align-center has-text-color has-huge-font-size\" style=\"color:#fffffa;line-height:1.1\"><strong>Obt\u00e9n todo el potencial de tu empresa<\/strong><\/p>\n\n\n\n<p class=\"has-text-align-center\" style=\"color: #ffffff;\">El apoyo tecnol\u00f3gico que proporcionamos te permitir\u00e1 alcanzar las metas y objetivos que te has propuesto, ponemos a tu disposici\u00f3n soluciones tecnol\u00f3giocs en el \u00e1mbito de las radiofrecuencias que te permitir\u00e1n colocar tus productos y servicios en tiempo y forma.<\/p>\n\n\n\n<div style=\"height:39px\" aria-hidden=\"true\" class=\"wp-block-spacer\"><\/div>\n\n\n\n<div class=\"wp-block-buttons is-horizontal is-content-justification-center is-layout-flex wp-container-core-buttons-is-layout-499968f5 wp-block-buttons-is-layout-flex\">\n<div class=\"wp-block-button is-style-outline is-style-outline--4\"><a class=\"wp-block-button__link has-white-color has-text-color wp-element-button\" href=\"#Contacto\">Contact\u00e1nos<\/a><\/div>\n<\/div>\n<\/div><\/div>\n","protected":false},"excerpt":{"rendered":"<p>Las tecnolog\u00edas que emplean se\u00f1ales de radiofrecuencias se han convertido en parte indispensable de la vida moderna. Tenemos amplios conocimientos en tecnolog\u00edas de RF, por lo que podemos ser tu aliado estrategico en el desarrollo de productos y servicios que incorporen alguna de las tecnolog\u00edas que empelan se\u00f1ales de radiofrecuencias, de modo que puedas colocar [&hellip;]<\/p>\n","protected":false},"author":1,"featured_media":6,"parent":0,"menu_order":0,"comment_status":"closed","ping_status":"closed","template":"","meta":{"jetpack_post_was_ever_published":false,"footnotes":""},"class_list":["post-7","page","type-page","status-publish","has-post-thumbnail","hentry"],"jetpack_sharing_enabled":true,"_links":{"self":[{"href":"https:\/\/rftest.com.mx\/index.php?rest_route=\/wp\/v2\/pages\/7","targetHints":{"allow":["GET"]}}],"collection":[{"href":"https:\/\/rftest.com.mx\/index.php?rest_route=\/wp\/v2\/pages"}],"about":[{"href":"https:\/\/rftest.com.mx\/index.php?rest_route=\/wp\/v2\/types\/page"}],"author":[{"embeddable":true,"href":"https:\/\/rftest.com.mx\/index.php?rest_route=\/wp\/v2\/users\/1"}],"replies":[{"embeddable":true,"href":"https:\/\/rftest.com.mx\/index.php?rest_route=%2Fwp%2Fv2%2Fcomments&post=7"}],"version-history":[{"count":23,"href":"https:\/\/rftest.com.mx\/index.php?rest_route=\/wp\/v2\/pages\/7\/revisions"}],"predecessor-version":[{"id":259,"href":"https:\/\/rftest.com.mx\/index.php?rest_route=\/wp\/v2\/pages\/7\/revisions\/259"}],"wp:featuredmedia":[{"embeddable":true,"href":"https:\/\/rftest.com.mx\/index.php?rest_route=\/wp\/v2\/media\/6"}],"wp:attachment":[{"href":"https:\/\/rftest.com.mx\/index.php?rest_route=%2Fwp%2Fv2%2Fmedia&parent=7"}],"curies":[{"name":"wp","href":"https:\/\/api.w.org\/{rel}","templated":true}]}}